{"id":253,"date":"2024-06-06T14:18:09","date_gmt":"2024-06-06T12:18:09","guid":{"rendered":"http:\/\/www.ars-environnement.fr\/?page_id=253"},"modified":"2024-06-20T22:27:28","modified_gmt":"2024-06-20T20:27:28","slug":"a-propos","status":"publish","type":"page","link":"https:\/\/www.ars-environnement.fr\/index.php\/a-propos\/","title":{"rendered":"A propos"},"content":{"rendered":"\t\t<div data-elementor-type=\"wp-page\" data-elementor-id=\"253\" class=\"elementor elementor-253\" data-elementor-post-type=\"page\">\n\t\t\t\t<div class=\"elementor-element elementor-element-undefined-bbe65be e-con-full e-flex e-con e-parent\" data-id=\"undefined-bbe65be\" data-element_type=\"container\" data-e-type=\"container\">\n\t\t\t\t<div class=\"elementor-element elementor-element-undefined-1ba34fa elementor-invisible elementor-widget elementor-widget-heading\" data-id=\"undefined-1ba34fa\" data-element_type=\"widget\" data-e-type=\"widget\" data-settings=\"{&quot;_animation&quot;:&quot;fadeIn&quot;}\" data-widget_type=\"heading.default\">\n\t\t\t\t\t<h1 class=\"elementor-heading-title elementor-size-default\">D\u00e9couvrez nous<\/h1>\t\t\t\t<\/div>\n\t\t\t\t<\/div>\n\t\t<div class=\"elementor-element elementor-element-KqvBZMh e-flex e-con-boxed e-con e-parent\" data-id=\"KqvBZMh\" data-element_type=\"container\" data-e-type=\"container\">\n\t\t\t\t\t<div class=\"e-con-inner\">\n\t\t<div class=\"elementor-element elementor-element-F1ddnq0 e-con-full e-flex e-con e-child\" data-id=\"F1ddnq0\" data-element_type=\"container\" data-e-type=\"container\">\n\t\t<div class=\"elementor-element elementor-element-B7sDZne e-con-full e-flex e-con e-child\" data-id=\"B7sDZne\" data-element_type=\"container\" data-e-type=\"container\">\n\t\t\t\t<div class=\"elementor-element elementor-element-mqEl7yN elementor-widget elementor-widget-heading\" data-id=\"mqEl7yN\" data-element_type=\"widget\" data-e-type=\"widget\" data-widget_type=\"heading.default\">\n\t\t\t\t\t<h3 class=\"elementor-heading-title elementor-size-default\">D\u00e9couvrez l'entreprise<\/h3>\t\t\t\t<\/div>\n\t\t\t\t<div class=\"elementor-element elementor-element-EKnMPfB elementor-widget elementor-widget-text-editor\" data-id=\"EKnMPfB\" data-element_type=\"widget\" data-e-type=\"widget\" data-widget_type=\"text-editor.default\">\n\t\t\t\t\t\t\t\t\t<p>ARS ENVIRONNEMENT est une entreprise sp\u00e9cialis\u00e9e dans le d\u00e9samiantage et le bardage depuis de nombreuses ann\u00e9es. Reconnue pour son expertise en mati\u00e8re de gestion des risques li\u00e9s \u00e0 l\u2019amiante, ARS ENVIRONNEMENT a men\u00e9 de nombreux projets de d\u00e9samiantage dans divers secteurs, notamment l\u2019industrie, les b\u00e2timents publics, les b\u00e2timents agricoles. En parall\u00e8le, l\u2019entreprise se distingue dans le domaine du bardage et de la couverture, proposant des solutions adapt\u00e9es pour am\u00e9liorer l\u2019efficacit\u00e9 \u00e9nerg\u00e9tique et l\u2019esth\u00e9tique des b\u00e2timents.<\/p><p>Produits et Services :<\/p><p>\u2013 D\u00e9samiantage : gestion des risques li\u00e9s \u00e0 l\u2019amiante, d\u00e9contamination et d\u00e9pose des mat\u00e9riaux contenant de l\u2019amiante.<\/p><p>\u2013 Bardage : installation de rev\u00eatements ext\u00e9rieurs pour l\u2019am\u00e9lioration de l\u2019isolation thermique et de l\u2019esth\u00e9tique des b\u00e2timents.<\/p><p>\u2013 Consultations en gestion des risques environnementaux et en efficacit\u00e9 \u00e9nerg\u00e9tique.<\/p><p>ARS ENVIRONNEMENT s\u2019engage \u00e0 fournir des services de haute qualit\u00e9 en mati\u00e8re de d\u00e9samiantage et de bardage, tout en garantissant la s\u00e9curit\u00e9 et le bien-\u00eatre de ses clients et de ses employ\u00e9s. L\u2019innovation, la s\u00e9curit\u00e9 et la satisfaction client sont au c\u0153ur de ses valeurs.<\/p>\t\t\t\t\t\t\t\t<\/div>\n\t\t<div class=\"elementor-element elementor-element-3lImghG e-con-full e-flex e-con e-child\" data-id=\"3lImghG\" data-element_type=\"container\" data-e-type=\"container\">\n\t\t\t\t<div class=\"elementor-element elementor-element-260aedc elementor-mobile-align-center elementor-align-center elementor-invisible elementor-widget elementor-widget-button\" data-id=\"260aedc\" data-element_type=\"widget\" data-e-type=\"widget\" data-settings=\"{&quot;_animation&quot;:&quot;fadeInDown&quot;}\" data-widget_type=\"button.default\">\n\t\t\t\t\t\t\t\t\t\t<a class=\"elementor-button elementor-size-sm\" role=\"button\">\n\t\t\t\t\t\t<span class=\"elementor-button-content-wrapper\">\n\t\t\t\t\t\t\t\t\t<span class=\"elementor-button-text\">04 90 23 59 47<\/span>\n\t\t\t\t\t<\/span>\n\t\t\t\t\t<\/a>\n\t\t\t\t\t\t\t\t<\/div>\n\t\t\t\t<\/div>\n\t\t\t\t<\/div>\n\t\t<div class=\"elementor-element elementor-element-CmX7aqx e-con-full e-flex e-con e-child\" data-id=\"CmX7aqx\" data-element_type=\"container\" data-e-type=\"container\">\n\t\t\t\t<div class=\"elementor-element elementor-element-aa81861 elementor-widget elementor-widget-image\" data-id=\"aa81861\" data-element_type=\"widget\" data-e-type=\"widget\" data-widget_type=\"image.default\">\n\t\t\t\t\t\t\t\t\t\t\t\t\t\t\t<img fetchpriority=\"high\" decoding=\"async\" width=\"640\" height=\"480\" src=\"https:\/\/www.ars-environnement.fr\/wp-content\/uploads\/2024\/05\/photo-ars.jpg\" class=\"attachment-large size-large wp-image-22\" alt=\"\" srcset=\"https:\/\/www.ars-environnement.fr\/wp-content\/uploads\/2024\/05\/photo-ars.jpg 640w, https:\/\/www.ars-environnement.fr\/wp-content\/uploads\/2024\/05\/photo-ars-300x225.jpg 300w\" sizes=\"(max-width: 640px) 100vw, 640px\" \/>\t\t\t\t\t\t\t\t\t\t\t\t\t\t\t<\/div>\n\t\t\t\t<\/div>\n\t\t\t\t<\/div>\n\t\t<div class=\"elementor-element elementor-element-pGlOQCi e-con-full e-flex e-con e-child\" data-id=\"pGlOQCi\" data-element_type=\"container\" data-e-type=\"container\">\n\t\t<div class=\"elementor-element elementor-element-Lxcs3Mv e-con-full e-flex e-con e-child\" data-id=\"Lxcs3Mv\" data-element_type=\"container\" data-e-type=\"container\">\n\t\t\t\t<div class=\"elementor-element elementor-element-c732255 elementor-widget elementor-widget-image\" data-id=\"c732255\" data-element_type=\"widget\" data-e-type=\"widget\" data-widget_type=\"image.default\">\n\t\t\t\t\t\t\t\t\t\t\t\t\t\t\t<img decoding=\"async\" width=\"1024\" height=\"747\" src=\"https:\/\/www.ars-environnement.fr\/wp-content\/uploads\/2024\/06\/gerant-1024x747.jpg\" class=\"attachment-large size-large wp-image-571\" alt=\"\" srcset=\"https:\/\/www.ars-environnement.fr\/wp-content\/uploads\/2024\/06\/gerant-1024x747.jpg 1024w, https:\/\/www.ars-environnement.fr\/wp-content\/uploads\/2024\/06\/gerant-300x219.jpg 300w, https:\/\/www.ars-environnement.fr\/wp-content\/uploads\/2024\/06\/gerant-768x560.jpg 768w, https:\/\/www.ars-environnement.fr\/wp-content\/uploads\/2024\/06\/gerant-1536x1120.jpg 1536w, https:\/\/www.ars-environnement.fr\/wp-content\/uploads\/2024\/06\/gerant.jpg 1600w\" sizes=\"(max-width: 1024px) 100vw, 1024px\" \/>\t\t\t\t\t\t\t\t\t\t\t\t\t\t\t<\/div>\n\t\t\t\t<\/div>\n\t\t<div class=\"elementor-element elementor-element-x8xmWjT e-con-full e-flex e-con e-child\" data-id=\"x8xmWjT\" data-element_type=\"container\" data-e-type=\"container\">\n\t\t\t\t<div class=\"elementor-element elementor-element-sDVn5ir elementor-widget elementor-widget-heading\" data-id=\"sDVn5ir\" data-element_type=\"widget\" data-e-type=\"widget\" data-widget_type=\"heading.default\">\n\t\t\t\t\t<h3 class=\"elementor-heading-title elementor-size-default\">Pr\u00e9sentation du g\u00e9rant<\/h3>\t\t\t\t<\/div>\n\t\t\t\t<div class=\"elementor-element elementor-element-4GTY00N elementor-widget elementor-widget-text-editor\" data-id=\"4GTY00N\" data-element_type=\"widget\" data-e-type=\"widget\" data-widget_type=\"text-editor.default\">\n\t\t\t\t\t\t\t\t\t<p>Le g\u00e9rant, Franck Bonnefous, repr\u00e9sente ARS ENVIRONNEMENT issu de la charpente m\u00e9tallique, couverture et bardage industriel. Fort de plusieurs d\u00e9cennies d\u2019exp\u00e9rience dans l\u2019industrie de la construction m\u00e9tallique, M. Bonnefous a d\u00e9montr\u00e9 son expertise et son leadership dans la gestion de projets complexes de d\u00e9samiantage, de couvertures, de bardages et de constructions de charpentes m\u00e9talliques. En parall\u00e8le, M. Bonnefous a prouv\u00e9 sa capacit\u00e9 \u00e0 g\u00e9rer plusieurs domaines de sp\u00e9cialisation avec succ\u00e8s. Il est reconnu pour sa ma\u00eetrise de la gestion de projet, son expertise technique en d\u00e9samiantage, en charpente m\u00e9tallique et sa capacit\u00e9 \u00e0 innover pour r\u00e9pondre aux besoins des clients. Sa vision strat\u00e9gique et son engagement envers la qualit\u00e9 et la s\u00e9curit\u00e9 sont des atouts majeurs pour les entreprises qu\u2019il repr\u00e9sente.<\/p><p>En tant que g\u00e9rant, M. Bonnefous s\u2019engage \u00e0 fournir des services de la plus haute qualit\u00e9, en mettant l\u2019accent sur la s\u00e9curit\u00e9, l\u2019innovation et la satisfaction client, en travaillant en \u00e9troite collaboration avec ses clients pour garantir que leurs projets soient r\u00e9alis\u00e9s dans les d\u00e9lais impartis et r\u00e9pondent \u00e0 leurs attentes sp\u00e9cifiques.<\/p>\t\t\t\t\t\t\t\t<\/div>\n\t\t<div class=\"elementor-element elementor-element-jRk4H5I e-con-full e-flex e-con e-child\" data-id=\"jRk4H5I\" data-element_type=\"container\" data-e-type=\"container\">\n\t\t\t\t<div class=\"elementor-element elementor-element-0807bd4 elementor-mobile-align-center elementor-align-center elementor-invisible elementor-widget elementor-widget-button\" data-id=\"0807bd4\" data-element_type=\"widget\" data-e-type=\"widget\" data-settings=\"{&quot;_animation&quot;:&quot;fadeInDown&quot;}\" data-widget_type=\"button.default\">\n\t\t\t\t\t\t\t\t\t\t<a class=\"elementor-button elementor-size-sm\" role=\"button\">\n\t\t\t\t\t\t<span class=\"elementor-button-content-wrapper\">\n\t\t\t\t\t\t\t\t\t<span class=\"elementor-button-text\">06 15 22 74 84<\/span>\n\t\t\t\t\t<\/span>\n\t\t\t\t\t<\/a>\n\t\t\t\t\t\t\t\t<\/div>\n\t\t\t\t<\/div>\n\t\t\t\t<\/div>\n\t\t\t\t<\/div>\n\t\t\t\t\t<\/div>\n\t\t\t\t<\/div>\n\t\t\t\t<\/div>\n\t\t","protected":false},"excerpt":{"rendered":"<p>D\u00e9couvrez nous D\u00e9couvrez l&rsquo;entreprise ARS ENVIRONNEMENT est une entreprise sp\u00e9cialis\u00e9e dans le d\u00e9samiantage et le bardage depuis de nombreuses ann\u00e9es. Reconnue pour son expertise en mati\u00e8re de gestion des risques li\u00e9s \u00e0 l\u2019amiante, ARS ENVIRONNEMENT a men\u00e9 de nombreux projets de d\u00e9samiantage dans divers secteurs, notamment l\u2019industrie, les b\u00e2timents publics, les b\u00e2timents agricoles. En parall\u00e8le, [&hellip;]<\/p>\n","protected":false},"author":1,"featured_media":0,"parent":0,"menu_order":0,"comment_status":"closed","ping_status":"closed","template":"","meta":{"ocean_post_layout":"","ocean_both_sidebars_style":"","ocean_both_sidebars_content_width":0,"ocean_both_sidebars_sidebars_width":0,"ocean_sidebar":"","ocean_second_sidebar":"","ocean_disable_margins":"enable","ocean_add_body_class":"","ocean_shortcode_before_top_bar":"","ocean_shortcode_after_top_bar":"","ocean_shortcode_before_header":"","ocean_shortcode_after_header":"","ocean_has_shortcode":"","ocean_shortcode_after_title":"","ocean_shortcode_before_footer_widgets":"","ocean_shortcode_after_footer_widgets":"","ocean_shortcode_before_footer_bottom":"","ocean_shortcode_after_footer_bottom":"","ocean_display_top_bar":"default","ocean_display_header":"default","ocean_header_style":"","ocean_center_header_left_menu":"","ocean_custom_header_template":"","ocean_custom_logo":0,"ocean_custom_retina_logo":0,"ocean_custom_logo_max_width":0,"ocean_custom_logo_tablet_max_width":0,"ocean_custom_logo_mobile_max_width":0,"ocean_custom_logo_max_height":0,"ocean_custom_logo_tablet_max_height":0,"ocean_custom_logo_mobile_max_height":0,"ocean_header_custom_menu":"","ocean_menu_typo_font_family":"","ocean_menu_typo_font_subset":"","ocean_menu_typo_font_size":0,"ocean_menu_typo_font_size_tablet":0,"ocean_menu_typo_font_size_mobile":0,"ocean_menu_typo_font_size_unit":"px","ocean_menu_typo_font_weight":"","ocean_menu_typo_font_weight_tablet":"","ocean_menu_typo_font_weight_mobile":"","ocean_menu_typo_transform":"","ocean_menu_typo_transform_tablet":"","ocean_menu_typo_transform_mobile":"","ocean_menu_typo_line_height":0,"ocean_menu_typo_line_height_tablet":0,"ocean_menu_typo_line_height_mobile":0,"ocean_menu_typo_line_height_unit":"","ocean_menu_typo_spacing":0,"ocean_menu_typo_spacing_tablet":0,"ocean_menu_typo_spacing_mobile":0,"ocean_menu_typo_spacing_unit":"","ocean_menu_link_color":"","ocean_menu_link_color_hover":"","ocean_menu_link_color_active":"","ocean_menu_link_background":"","ocean_menu_link_hover_background":"","ocean_menu_link_active_background":"","ocean_menu_social_links_bg":"","ocean_menu_social_hover_links_bg":"","ocean_menu_social_links_color":"","ocean_menu_social_hover_links_color":"","ocean_disable_title":"default","ocean_disable_heading":"default","ocean_post_title":"","ocean_post_subheading":"","ocean_post_title_style":"","ocean_post_title_background_color":"","ocean_post_title_background":0,"ocean_post_title_bg_image_position":"","ocean_post_title_bg_image_attachment":"","ocean_post_title_bg_image_repeat":"","ocean_post_title_bg_image_size":"","ocean_post_title_height":0,"ocean_post_title_bg_overlay":0.5,"ocean_post_title_bg_overlay_color":"","ocean_disable_breadcrumbs":"default","ocean_breadcrumbs_color":"","ocean_breadcrumbs_separator_color":"","ocean_breadcrumbs_links_color":"","ocean_breadcrumbs_links_hover_color":"","ocean_display_footer_widgets":"default","ocean_display_footer_bottom":"default","ocean_custom_footer_template":"","footnotes":""},"class_list":["post-253","page","type-page","status-publish","hentry","entry"],"yoast_head":"<!-- This site is optimized with the Yoast SEO plugin v27.3 - https:\/\/yoast.com\/product\/yoast-seo-wordpress\/ -->\n<title>A propos - ARS ENVIRONNEMENT<\/title>\n<meta name=\"robots\" content=\"index, follow, max-snippet:-1, max-image-preview:large, max-video-preview:-1\" \/>\n<link rel=\"canonical\" href=\"https:\/\/www.ars-environnement.fr\/index.php\/a-propos\/\" \/>\n<meta property=\"og:locale\" content=\"fr_FR\" \/>\n<meta property=\"og:type\" content=\"article\" \/>\n<meta property=\"og:title\" content=\"A propos - ARS ENVIRONNEMENT\" \/>\n<meta property=\"og:description\" content=\"D\u00e9couvrez nous D\u00e9couvrez l&rsquo;entreprise ARS ENVIRONNEMENT est une entreprise sp\u00e9cialis\u00e9e dans le d\u00e9samiantage et le bardage depuis de nombreuses ann\u00e9es. Reconnue pour son expertise en mati\u00e8re de gestion des risques li\u00e9s \u00e0 l\u2019amiante, ARS ENVIRONNEMENT a men\u00e9 de nombreux projets de d\u00e9samiantage dans divers secteurs, notamment l\u2019industrie, les b\u00e2timents publics, les b\u00e2timents agricoles. En parall\u00e8le, [&hellip;]\" \/>\n<meta property=\"og:url\" content=\"https:\/\/www.ars-environnement.fr\/index.php\/a-propos\/\" \/>\n<meta property=\"og:site_name\" content=\"ARS ENVIRONNEMENT\" \/>\n<meta property=\"article:modified_time\" content=\"2024-06-20T20:27:28+00:00\" \/>\n<meta property=\"og:image\" content=\"https:\/\/www.ars-environnement.fr\/wp-content\/uploads\/2024\/05\/photo-ars.jpg\" \/>\n<meta name=\"twitter:card\" content=\"summary_large_image\" \/>\n<meta name=\"twitter:label1\" content=\"Dur\u00e9e de lecture estim\u00e9e\" \/>\n\t<meta name=\"twitter:data1\" content=\"3 minutes\" \/>\n<script type=\"application\/ld+json\" class=\"yoast-schema-graph\">{\"@context\":\"https:\\\/\\\/schema.org\",\"@graph\":[{\"@type\":\"WebPage\",\"@id\":\"https:\\\/\\\/www.ars-environnement.fr\\\/index.php\\\/a-propos\\\/\",\"url\":\"https:\\\/\\\/www.ars-environnement.fr\\\/index.php\\\/a-propos\\\/\",\"name\":\"A propos - ARS ENVIRONNEMENT\",\"isPartOf\":{\"@id\":\"https:\\\/\\\/www.ars-environnement.fr\\\/#website\"},\"primaryImageOfPage\":{\"@id\":\"https:\\\/\\\/www.ars-environnement.fr\\\/index.php\\\/a-propos\\\/#primaryimage\"},\"image\":{\"@id\":\"https:\\\/\\\/www.ars-environnement.fr\\\/index.php\\\/a-propos\\\/#primaryimage\"},\"thumbnailUrl\":\"https:\\\/\\\/www.ars-environnement.fr\\\/wp-content\\\/uploads\\\/2024\\\/05\\\/photo-ars.jpg\",\"datePublished\":\"2024-06-06T12:18:09+00:00\",\"dateModified\":\"2024-06-20T20:27:28+00:00\",\"breadcrumb\":{\"@id\":\"https:\\\/\\\/www.ars-environnement.fr\\\/index.php\\\/a-propos\\\/#breadcrumb\"},\"inLanguage\":\"fr-FR\",\"potentialAction\":[{\"@type\":\"ReadAction\",\"target\":[\"https:\\\/\\\/www.ars-environnement.fr\\\/index.php\\\/a-propos\\\/\"]}]},{\"@type\":\"ImageObject\",\"inLanguage\":\"fr-FR\",\"@id\":\"https:\\\/\\\/www.ars-environnement.fr\\\/index.php\\\/a-propos\\\/#primaryimage\",\"url\":\"https:\\\/\\\/www.ars-environnement.fr\\\/wp-content\\\/uploads\\\/2024\\\/05\\\/photo-ars.jpg\",\"contentUrl\":\"https:\\\/\\\/www.ars-environnement.fr\\\/wp-content\\\/uploads\\\/2024\\\/05\\\/photo-ars.jpg\",\"width\":640,\"height\":480},{\"@type\":\"BreadcrumbList\",\"@id\":\"https:\\\/\\\/www.ars-environnement.fr\\\/index.php\\\/a-propos\\\/#breadcrumb\",\"itemListElement\":[{\"@type\":\"ListItem\",\"position\":1,\"name\":\"Accueil\",\"item\":\"https:\\\/\\\/www.ars-environnement.fr\\\/\"},{\"@type\":\"ListItem\",\"position\":2,\"name\":\"A propos\"}]},{\"@type\":\"WebSite\",\"@id\":\"https:\\\/\\\/www.ars-environnement.fr\\\/#website\",\"url\":\"https:\\\/\\\/www.ars-environnement.fr\\\/\",\"name\":\"ARS ENVIRONNEMENT\",\"description\":\"D\u00e9samiantage Industriel\",\"publisher\":{\"@id\":\"https:\\\/\\\/www.ars-environnement.fr\\\/#organization\"},\"alternateName\":\"Amiante Retrait Services\",\"potentialAction\":[{\"@type\":\"SearchAction\",\"target\":{\"@type\":\"EntryPoint\",\"urlTemplate\":\"https:\\\/\\\/www.ars-environnement.fr\\\/?s={search_term_string}\"},\"query-input\":{\"@type\":\"PropertyValueSpecification\",\"valueRequired\":true,\"valueName\":\"search_term_string\"}}],\"inLanguage\":\"fr-FR\"},{\"@type\":\"Organization\",\"@id\":\"https:\\\/\\\/www.ars-environnement.fr\\\/#organization\",\"name\":\"ARS ENVIRONNEMENT\",\"alternateName\":\"Amiante Retrait Service\",\"url\":\"https:\\\/\\\/www.ars-environnement.fr\\\/\",\"logo\":{\"@type\":\"ImageObject\",\"inLanguage\":\"fr-FR\",\"@id\":\"https:\\\/\\\/www.ars-environnement.fr\\\/#\\\/schema\\\/logo\\\/image\\\/\",\"url\":\"https:\\\/\\\/www.ars-environnement.fr\\\/wp-content\\\/uploads\\\/2024\\\/06\\\/cropped-logo-ars-petit-bmp.bmp\",\"contentUrl\":\"https:\\\/\\\/www.ars-environnement.fr\\\/wp-content\\\/uploads\\\/2024\\\/06\\\/cropped-logo-ars-petit-bmp.bmp\",\"width\":126,\"height\":88,\"caption\":\"ARS ENVIRONNEMENT\"},\"image\":{\"@id\":\"https:\\\/\\\/www.ars-environnement.fr\\\/#\\\/schema\\\/logo\\\/image\\\/\"}}]}<\/script>\n<!-- \/ Yoast SEO plugin. -->","yoast_head_json":{"title":"A propos - ARS ENVIRONNEMENT","robots":{"index":"index","follow":"follow","max-snippet":"max-snippet:-1","max-image-preview":"max-image-preview:large","max-video-preview":"max-video-preview:-1"},"canonical":"https:\/\/www.ars-environnement.fr\/index.php\/a-propos\/","og_locale":"fr_FR","og_type":"article","og_title":"A propos - ARS ENVIRONNEMENT","og_description":"D\u00e9couvrez nous D\u00e9couvrez l&rsquo;entreprise ARS ENVIRONNEMENT est une entreprise sp\u00e9cialis\u00e9e dans le d\u00e9samiantage et le bardage depuis de nombreuses ann\u00e9es. Reconnue pour son expertise en mati\u00e8re de gestion des risques li\u00e9s \u00e0 l\u2019amiante, ARS ENVIRONNEMENT a men\u00e9 de nombreux projets de d\u00e9samiantage dans divers secteurs, notamment l\u2019industrie, les b\u00e2timents publics, les b\u00e2timents agricoles. En parall\u00e8le, [&hellip;]","og_url":"https:\/\/www.ars-environnement.fr\/index.php\/a-propos\/","og_site_name":"ARS ENVIRONNEMENT","article_modified_time":"2024-06-20T20:27:28+00:00","og_image":[{"url":"https:\/\/www.ars-environnement.fr\/wp-content\/uploads\/2024\/05\/photo-ars.jpg","type":"","width":"","height":""}],"twitter_card":"summary_large_image","twitter_misc":{"Dur\u00e9e de lecture estim\u00e9e":"3 minutes"},"schema":{"@context":"https:\/\/schema.org","@graph":[{"@type":"WebPage","@id":"https:\/\/www.ars-environnement.fr\/index.php\/a-propos\/","url":"https:\/\/www.ars-environnement.fr\/index.php\/a-propos\/","name":"A propos - ARS ENVIRONNEMENT","isPartOf":{"@id":"https:\/\/www.ars-environnement.fr\/#website"},"primaryImageOfPage":{"@id":"https:\/\/www.ars-environnement.fr\/index.php\/a-propos\/#primaryimage"},"image":{"@id":"https:\/\/www.ars-environnement.fr\/index.php\/a-propos\/#primaryimage"},"thumbnailUrl":"https:\/\/www.ars-environnement.fr\/wp-content\/uploads\/2024\/05\/photo-ars.jpg","datePublished":"2024-06-06T12:18:09+00:00","dateModified":"2024-06-20T20:27:28+00:00","breadcrumb":{"@id":"https:\/\/www.ars-environnement.fr\/index.php\/a-propos\/#breadcrumb"},"inLanguage":"fr-FR","potentialAction":[{"@type":"ReadAction","target":["https:\/\/www.ars-environnement.fr\/index.php\/a-propos\/"]}]},{"@type":"ImageObject","inLanguage":"fr-FR","@id":"https:\/\/www.ars-environnement.fr\/index.php\/a-propos\/#primaryimage","url":"https:\/\/www.ars-environnement.fr\/wp-content\/uploads\/2024\/05\/photo-ars.jpg","contentUrl":"https:\/\/www.ars-environnement.fr\/wp-content\/uploads\/2024\/05\/photo-ars.jpg","width":640,"height":480},{"@type":"BreadcrumbList","@id":"https:\/\/www.ars-environnement.fr\/index.php\/a-propos\/#breadcrumb","itemListElement":[{"@type":"ListItem","position":1,"name":"Accueil","item":"https:\/\/www.ars-environnement.fr\/"},{"@type":"ListItem","position":2,"name":"A propos"}]},{"@type":"WebSite","@id":"https:\/\/www.ars-environnement.fr\/#website","url":"https:\/\/www.ars-environnement.fr\/","name":"ARS ENVIRONNEMENT","description":"D\u00e9samiantage Industriel","publisher":{"@id":"https:\/\/www.ars-environnement.fr\/#organization"},"alternateName":"Amiante Retrait Services","potentialAction":[{"@type":"SearchAction","target":{"@type":"EntryPoint","urlTemplate":"https:\/\/www.ars-environnement.fr\/?s={search_term_string}"},"query-input":{"@type":"PropertyValueSpecification","valueRequired":true,"valueName":"search_term_string"}}],"inLanguage":"fr-FR"},{"@type":"Organization","@id":"https:\/\/www.ars-environnement.fr\/#organization","name":"ARS ENVIRONNEMENT","alternateName":"Amiante Retrait Service","url":"https:\/\/www.ars-environnement.fr\/","logo":{"@type":"ImageObject","inLanguage":"fr-FR","@id":"https:\/\/www.ars-environnement.fr\/#\/schema\/logo\/image\/","url":"https:\/\/www.ars-environnement.fr\/wp-content\/uploads\/2024\/06\/cropped-logo-ars-petit-bmp.bmp","contentUrl":"https:\/\/www.ars-environnement.fr\/wp-content\/uploads\/2024\/06\/cropped-logo-ars-petit-bmp.bmp","width":126,"height":88,"caption":"ARS ENVIRONNEMENT"},"image":{"@id":"https:\/\/www.ars-environnement.fr\/#\/schema\/logo\/image\/"}}]}},"_links":{"self":[{"href":"https:\/\/www.ars-environnement.fr\/index.php\/wp-json\/wp\/v2\/pages\/253","targetHints":{"allow":["GET"]}}],"collection":[{"href":"https:\/\/www.ars-environnement.fr\/index.php\/wp-json\/wp\/v2\/pages"}],"about":[{"href":"https:\/\/www.ars-environnement.fr\/index.php\/wp-json\/wp\/v2\/types\/page"}],"author":[{"embeddable":true,"href":"https:\/\/www.ars-environnement.fr\/index.php\/wp-json\/wp\/v2\/users\/1"}],"replies":[{"embeddable":true,"href":"https:\/\/www.ars-environnement.fr\/index.php\/wp-json\/wp\/v2\/comments?post=253"}],"version-history":[{"count":58,"href":"https:\/\/www.ars-environnement.fr\/index.php\/wp-json\/wp\/v2\/pages\/253\/revisions"}],"predecessor-version":[{"id":774,"href":"https:\/\/www.ars-environnement.fr\/index.php\/wp-json\/wp\/v2\/pages\/253\/revisions\/774"}],"wp:attachment":[{"href":"https:\/\/www.ars-environnement.fr\/index.php\/wp-json\/wp\/v2\/media?parent=253"}],"curies":[{"name":"wp","href":"https:\/\/api.w.org\/{rel}","templated":true}]}}